v is divided by 31?
26
Suppose -2*y - 6 = -6*c + 2*c, 2*c - 2*y = 0. Calculate the remainder when 138 - 12/c - -4 is divided by 35.
33
Let l be -3 - (-15)/3 - -2. Suppose -l*s = s. What is the remainder when 10 is divided by s - (-6 - (-4)/2)?
2
Suppose 0 = -3*v - 2*v + 15. Suppose 3*q + 3*h = 99, 2*q + 2*q - v*h - 97 = 0. What is the remainder when q is divided by 15?
13
Suppose -2*m + 72 = -3*j, 4*m - j - 52 - 112 = 0. What is the remainder when 206 is divided by m?
38
Let c(t) = 7*t. What is the remainder when 11 is divided by c(1)?
4
Calculate the remainder when -36*((-9)/6 - -1) is divided by 7.
4
Suppose -4*y + 10 - 78 = 0. Let t = y - -7. Let u = t + 16. What is the remainder when 21 is divided by u?
3
Let y(z) = -2*z + 59. What is the remainder when y(5) is divided by 25?
24
Suppose -2*m - 2*m = 8. Let n = 7 + m. Calculate the remainder when 18 is divided by n.
3
Suppose 2*o + o = 105. Calculate the remainder when o is divided by 12.
11
Suppose 3*m + 0*m + 3*y - 24 = 0, m + 3*y = 4. Let o be 64/m + (-4)/10. Let z(b) = -b**2 + 6*b + 3. Calculate the remainder when 4 is divided by z(o).
1
Suppose 6*t - 20 = 2*t, -5*i + 4*t = -85. Calculate the remainder when 41 is divided by i.
20
Let c(q) = q**3 - 7*q**2 - q - 12. Let n(i) = i**3 - 7*i**2 - i - 13. Let s(o) = -6*c(o) + 5*n(o). Calculate the remainder when s(5) is divided by 21.
20
Suppose -2*p + 0*p = 72. Calculate the remainder when (-246)/p + 1/6 is divided by 3.
1
Let o(l) = -l + 52. Calculate the remainder when 144 is divided by o(15).
33
Suppose -5*t + 2*s = -13 - 20, -s = -4*t + 24. Calculate the remainder when 8 is divided by t.
3
Let z(i) be the third derivative of i**5/60 + i**4/4 - 5*i**3/6 + 3*i**2. Let o be z(4). Let c = 11 + o. Calculate the remainder when c is divided by 24.
22
Let o(g) be the first derivative of -g**4/4 - 7*g**3/3 - 9*g**2/2 - 10*g + 1. Let i = 43 - 50. Calculate the remainder when o(i) is divided by 18.
17
Let v = 8 - 1. Let x be 12/30 + 16/10. Calculate the remainder when v is divided by x/(-2) + (-12)/(-3).
1
Calculate the remainder when (-3 - 15/(-6))*-2 is divided by 1.
0
Let f(a) = -a + 10. Let w be 3*36*(-2)/(-3). Suppose 0 = -5*q - 3*c + 86, -3*c = -3*q + 2*c + w. What is the remainder when q is divided by f(5)?
4
Let n(m) = -4*m - 10. Let p be 4 + -1 + (-14)/2. What is the remainder when 9 is divided by n(p)?
3
Suppose 3*z + 2*u = 63, 0 = -3*z + u + 98 - 26. What is the remainder when 89 is divided by z?
20
Suppose 3*u - 4*i - 40 = -0*u, 3*u + i = 50. Suppose -2*b + 0*b - 137 = -3*d, -4 = -2*b. What is the remainder when d is divided by u?
15
Let h = -5 - -11. Suppose -3*i = 4*k - 33, 2*i + 43 = h*i + 5*k. Suppose 4*o - 5 = 5*o, 5*s + o = 90. Calculate the remainder when s is divided by i.
5
Let i(x) = -x**3 + 6*x**2 + 5*x - 9. Let n be i(6). Suppose -6*l + n = -3*l. What is the remainder when l is divided by 4?
3
Suppose 85 = 3*v - 5*n, 2*n - 10 = -v - 0*n. Calculate the remainder when v is divided by 13.
7
Suppose -2*t = t - 84. Calculate the remainder when ((-856)/(-10) - 4) + 3/(-5) is divided by t.
25
Suppose 4*m = 2*l + l + 161, m + l = 35. Suppose 4*n = 10 + m. What is the remainder when 24 is divided by (0 - -2 - 1) + n?
11
Let y = 7 - 7. Let b(f) = f**3 + 5*f**2 - 6*f + 6. What is the remainder when (y - (-30)/3)*1 is divided by b(-6)?
4
Suppose f - r - 18 = 0, 0 = 7*r - 3*r + 4. What is the remainder when 84 is divided by f?
16
Suppose b - 12 = -4. What is the remainder when 31 is divided by b?
7
Let p(z) = -z**2 - 15*z + 4. What is the remainder when 9 is divided by p(-15)?
1
Suppose 45 = -9*t + 12*t. What is the remainder when 88 is divided by t?
13
Suppose -3*z - 22 + 126 = -5*d, -2*d + 97 = 3*z. What is the remainder when z is divided by 7?
5
Suppose 4*v + 5*p - p - 44 = 0, -5*p - 55 = -5*v. Calculate the remainder when 17 is divided by v.
6
Suppose 2*l - 9 = 1. Let c(d) = d**2 - 3*d + 3. What is the remainder when 49 is divided by c(l)?
10
Let b(t) = -63*t**2 - t + 1. Let j = 4 + -3. Let l be b(j). Calculate the remainder when 9 is divided by (-2)/8 - l/12.
4
What is the remainder when 73 is divided by 27 - (-5)/(5/(-2))?
23
Let g(v) = -2*v - 4. Suppose 35 = 4*l - 73. Calculate the remainder when g(-7) is divided by 20/6 + 18/l.
2
What is the remainder when (-1 + 11)*1/2 is divided by (-32)/(-20) + (-2)/(-5)?
1
Let w be (1/(-3))/(2/6). What is the remainder when 53 is divided by (w/(-3))/(2/84)?
11
What is the remainder when 44 is divided by (135/(-6))/(-5)*2?
8
Let w be (-3)/4*(-2 - 2). Calculate the remainder when 18 is divided by 4/w*75/10.
8
Suppose -5*f = -3*f - 54. Let o = 10 - -27. Let p = -23 + o. What is the remainder when f is divided by p?
13
Calculate the remainder when -4*(1 - (-141)/(-12)) is divided by 15.
13
Let y(s) = 4*s + 24. Let z be y(-7). Suppose 2*l = -10, n - 4*l - 12 - 7 = 0. Calculate the remainder when n/z + 19/4 is divided by 2.
1
Suppose 0 = -c + 3*t + 12, 0 = 2*c - 3*c + 5*t + 20. Let k(l) = l**3 - l**2 + l + 16. Suppose -30 = -0*x - 5*x. What is the remainder when k(c) is divided by x?
4
Suppose 32 = -5*d + 177. What is the remainder when d is divided by -5 + 1 - ((-32)/2 - -2)?
9
Let c(f) = 67*f**2 + f - 3. Calculate the remainder when c(1) is divided by 35.
30
Suppose -n = -3 - 12. Calculate the remainder when n is divided by 5 + 2 + -1 + 2.
7
Suppose -3*x + 5*a = -6, 3*x + 3*a - 5 - 1 = 0. Suppose w + w - x = 0. Calculate the remainder when w is divided by 1.
0
Suppose -4*x + 4*v = -0*v - 116, 0 = -v - 5. Suppose -4*n + x = -0*n. What is the remainder when 9 is divided by n?
3
Let n = -56 - -95. Suppose 0 = -4*j - 2*z + 46, j + 5*z = -j + 3. Calculate the remainder when n is divided by j.
11
Suppose 5*s = -b + 149 + 47, -5*b - 140 = -3*s. Calculate the remainder when s is divided by 14.
12
Calculate the remainder when 133 is divided by (-28480)/(-623) - 2*2/(-14).
41
Suppose 4*b - 5*b - 5*v = -45, -4*b + 95 = 3*v. What is the remainder when b - (-9)/(9/3) is divided by 12?
11
Let t(l) = 2*l**2 - 12*l + 9. What is the remainder when 62 is divided by t(7)?
16
Suppose 4*w + 14 = 94. Suppose -2*c - 5*b + 6 + 27 = 0, 2 = -2*b. Calculate the remainder when c is divided by w/3*6/4.
9
Let v be 1/(-2 - 10/(-4)). Suppose -5*p - 3*o = -123, o - 15 = -p - 2*o. Let t = p + v. What is the remainder when t is divided by 10?
9
Let x(o) = o**3 + 6*o**2 - o - 11. Calculate the remainder when x(-5) is divided by 12.
7
Let z(d) = d**3 - 4*d**2 - 11. What is the remainder when 26 is divided by z(5)?
12
Suppose 139 = 5*s - 3*u, 4*s - 4*u + 0*u - 108 = 0. What is the remainder when 94 is divided by s?
7
Suppose 2*o - 14 = -2. Suppose -n + 3 = -z, -o*n - z + 5 = -3*n. Let w = 0 - -3. What is the remainder when w is divided by n?
1
Let g(v) = -2*v - 3. Calculate the remainder when g(-11) is divided by 5.
4
Let f(o) = -22*o - 8. Let z be f(5). Let i = z + 191. What is the remainder when i is divided by 25?
23
Let d = -2 - -35. Suppose 0*g + g - 3*b = 145, 5*g - 3*b = 665. What is the remainder when g is divided by d?
31
Let n(c) = 9*c**2 + 9*c - 4. Let d be n(-4). Suppose 0 = -3*k - k + d. Calculate the remainder when k is divided by 10.
6
Suppose -a + 3*f = 5*f - 10, -16 = -3*a + f. Calculate the remainder when 20 is divided by a.
2
Suppose 4*q - 4 = -0*q. Suppose -t + 1 = 2. Let z = t + 2. What is the remainder when z is divided by q?
0
Let c(l) = l**2 - l - 7. Calculate the remainder when 91 is divided by c(6).
22
Suppose -4*x + 72 = -4*z, 0 = z + 2*x - 7*x + 38. Let g = -6 - z. What is the remainder when g is divided by 5?
2
Suppose 4 = x + 2. Suppose x*z = -z - 5*m + 3, m = 3. Calculate the remainder when z/20 + 82/10 is divided by 3.
2
Let u = 303 + -160. Calculate the remainder when u is divided by 18.
17
Let z(c) = 4*c - 2*c**2 + c**2 - 8*c - 5 - 2*c. Calculate the remainder when 5 is divided by z(-4).
2
Suppose -q + 65 = x, -2*x + q + 127 = -0*x. Suppose 3*c + x = 7*c. Suppose 3*s - 11*s + 368 = 0. Calculate the remainder when s is divided by c.
14
Let n(k) = 3*k - 1. Let m(q) = q**3 + 5*q**2 + 3*q - 3. Let d be m(-4). Let f(x) = -x + 2. What is the remainder when n(d) is divided by f(1)?
0
Let t = 4 + 7. Calculate the remainder when t is divided by 3.
2
Let k = 54 - 33. What is the remainder when k is divided